{"id":233,"date":"2025-11-13T15:14:31","date_gmt":"2025-11-13T14:14:31","guid":{"rendered":"https:\/\/silroc.com.pl\/?page_id=233"},"modified":"2026-02-16T09:20:44","modified_gmt":"2026-02-16T08:20:44","slug":"silroc-plus","status":"publish","type":"page","link":"https:\/\/silroc.com.pl\/?page_id=233","title":{"rendered":"Silroc PLUS"},"content":{"rendered":"\n<div class=\"wp-block-group alignfull has-background has-global-padding is-layout-constrained wp-container-core-group-is-layout-f4b7cca8 wp-block-group-is-layout-constrained\" style=\"background:linear-gradient(90deg,rgb(244,244,244) 0%,rgb(244,244,244) 35%,rgb(255,255,255) 35%,rgb(255,255,255) 100%);margin-top:0;margin-bottom:0;padding-top:var(--wp--preset--spacing--superbspacing-small);padding-right:var(--wp--preset--spacing--superbspacing-small);padding-bottom:var(--wp--preset--spacing--superbspacing-small);padding-left:var(--wp--preset--spacing--superbspacing-small)\">\n<div class=\"wp-block-columns are-vertically-aligned-center is-layout-flex wp-container-core-columns-is-layout-451299ab wp-block-columns-is-layout-flex\" style=\"margin-top:0;margin-bottom:0\">\n<div class=\"wp-block-column is-vertically-aligned-center is-layout-flow wp-block-column-is-layout-flow\" style=\"border-style:none;border-width:0px;border-top-left-radius:0px;border-top-right-radius:0px;border-bottom-left-radius:0px;border-bottom-right-radius:0px\">\n<figure class=\"wp-block-image size-large\"><img fetchpriority=\"high\" decoding=\"async\" width=\"1024\" height=\"768\" src=\"https:\/\/silroc.com.pl\/wp-content\/uploads\/2025\/11\/332x240x198-Photo-silroc-PLUS-240mm-edited-1024x768.png\" alt=\"\" class=\"wp-image-239\" srcset=\"https:\/\/silroc.com.pl\/wp-content\/uploads\/2025\/11\/332x240x198-Photo-silroc-PLUS-240mm-edited-1024x768.png 1024w, https:\/\/silroc.com.pl\/wp-content\/uploads\/2025\/11\/332x240x198-Photo-silroc-PLUS-240mm-edited-300x225.png 300w, https:\/\/silroc.com.pl\/wp-content\/uploads\/2025\/11\/332x240x198-Photo-silroc-PLUS-240mm-edited-768x576.png 768w, https:\/\/silroc.com.pl\/wp-content\/uploads\/2025\/11\/332x240x198-Photo-silroc-PLUS-240mm-edited-1536x1152.png 1536w, https:\/\/silroc.com.pl\/wp-content\/uploads\/2025\/11\/332x240x198-Photo-silroc-PLUS-240mm-edited.png 1920w\" sizes=\"(max-width: 1024px) 100vw, 1024px\" \/><\/figure>\n<\/div>\n\n\n\n<div class=\"wp-block-column is-vertically-aligned-center is-layout-flow wp-block-column-is-layout-flow\">\n<h2 class=\"wp-block-heading\" style=\"font-size:clamp(24.034px, 1.502rem + ((1vw - 3.2px) * 1.814), 40px);\">Silroc PLUS<\/h2>\n\n\n\n<div class=\"wp-block-columns are-vertically-aligned-center is-not-stacked-on-mobile is-layout-flex wp-container-core-columns-is-layout-28f84493 wp-block-columns-is-layout-flex\">\n<div class=\"wp-block-column is-vertically-aligned-center is-layout-flow wp-block-column-is-layout-flow\" style=\"flex-basis:30px\">\n<figure class=\"wp-block-image size-full is-resized\"><img decoding=\"async\" src=\"https:\/\/silroc.com.pl\/wp-content\/themes\/construction-and-renovation\/assets\/images\/content\/content-024-checkmark.png\" alt=\"\" class=\"wp-image-1841\" style=\"object-fit:cover;width:24px;height:24px\"\/><\/figure>\n<\/div>\n\n\n\n<div class=\"wp-block-column is-vertically-aligned-center is-layout-flow wp-container-core-column-is-layout-8a368f38 wp-block-column-is-layout-flow\" style=\"flex-basis:100%\">\n<p class=\"has-superbfont-xsmall-font-size\">Produkt przyjazny \u015brodowisku<\/p>\n\n\n\n<p class=\"has-mono-2-color has-text-color has-link-color has-superbfont-xxsmall-font-size wp-elements-55175183ff5b83fee81cff32c623e86e\">Wapno, piasek i woda &#8211; to jedyne sk\u0142adniki potrzebne do produkcji bloczk\u00f3w SILROC<\/p>\n<\/div>\n<\/div>\n\n\n\n<div class=\"wp-block-columns are-vertically-aligned-center is-not-stacked-on-mobile is-layout-flex wp-container-core-columns-is-layout-28f84493 wp-block-columns-is-layout-flex\">\n<div class=\"wp-block-column is-vertically-aligned-center is-layout-flow wp-block-column-is-layout-flow\" style=\"flex-basis:30px\">\n<figure class=\"wp-block-image size-full is-resized\"><img decoding=\"async\" src=\"https:\/\/silroc.com.pl\/wp-content\/themes\/construction-and-renovation\/assets\/images\/content\/content-024-checkmark.png\" alt=\"\" class=\"wp-image-1841\" style=\"object-fit:cover;width:24px;height:24px\"\/><\/figure>\n<\/div>\n\n\n\n<div class=\"wp-block-column is-vertically-aligned-center is-layout-flow wp-container-core-column-is-layout-8a368f38 wp-block-column-is-layout-flow\" style=\"flex-basis:100%\">\n<p class=\"has-superbfont-xsmall-font-size\">Pewno\u015b\u0107 i komfort na lata<\/p>\n\n\n\n<p class=\"has-mono-2-color has-text-color has-link-color has-superbfont-xxsmall-font-size wp-elements-34c87b8784d68a04ce15558c2b7c73bd\">Wysoka g\u0119sto\u015b\u0107 materia\u0142u sprawia, \u017ce \u015bciany budynk\u00f3w cechuj\u0105 si\u0119 wysok\u0105 wytrzyma\u0142o\u015bci\u0105, izolacj\u0105 akustyczn\u0105 i mrozoodporno\u015bci\u0105.<\/p>\n<\/div>\n<\/div>\n\n\n\n<div class=\"wp-block-columns are-vertically-aligned-center is-not-stacked-on-mobile is-layout-flex wp-container-core-columns-is-layout-28f84493 wp-block-columns-is-layout-flex\">\n<div class=\"wp-block-column is-vertically-aligned-center is-layout-flow wp-block-column-is-layout-flow\" style=\"flex-basis:30px\">\n<figure class=\"wp-block-image size-full is-resized\"><img decoding=\"async\" src=\"https:\/\/silroc.com.pl\/wp-content\/themes\/construction-and-renovation\/assets\/images\/content\/content-024-checkmark.png\" alt=\"\" class=\"wp-image-1841\" style=\"object-fit:cover;width:24px;height:24px\"\/><\/figure>\n<\/div>\n\n\n\n<div class=\"wp-block-column is-vertically-aligned-center is-layout-flow wp-container-core-column-is-layout-8a368f38 wp-block-column-is-layout-flow\" style=\"flex-basis:100%\">\n<p class=\"has-superbfont-xsmall-font-size\">Wysoka dok\u0142adno\u015b\u0107 wymiarowa<\/p>\n\n\n\n<p class=\"has-mono-2-color has-text-color has-link-color has-superbfont-xxsmall-font-size wp-elements-41c59e2d82c2bc2c2c00e0a70192a4ac\">W procesie produkcyjnym nie wypala si\u0119 surowca o zmiennych w\u0142a\u015bciwo\u015bciach &#8211; bloczki s\u0105 prasowane hydraulicznie co minimalizuje odchy\u0142ki wymiarowe<\/p>\n<\/div>\n<\/div>\n<\/div>\n<\/div>\n<\/div>\n\n\n\n<div class=\"wp-block-group alignfull has-global-padding is-layout-constrained wp-container-core-group-is-layout-f4b7cca8 wp-block-group-is-layout-constrained\" style=\"margin-top:0;margin-bottom:0;padding-top:var(--wp--preset--spacing--superbspacing-small);padding-right:var(--wp--preset--spacing--superbspacing-small);padding-bottom:var(--wp--preset--spacing--superbspacing-small);padding-left:var(--wp--preset--spacing--superbspacing-small)\">\n<div class=\"wp-block-columns are-vertically-aligned-center is-layout-flex wp-container-core-columns-is-layout-451299ab wp-block-columns-is-layout-flex\" style=\"margin-top:0;margin-bottom:0\">\n<div class=\"wp-block-column is-vertically-aligned-center is-layout-flow wp-block-column-is-layout-flow\">\n<h2 class=\"wp-block-heading\" style=\"font-size:clamp(24.034px, 1.502rem + ((1vw - 3.2px) * 1.814), 40px);\">Podstawowe parametry<\/h2>\n\n\n\n<figure class=\"wp-block-table is-style-stripes has-superbfont-small-font-size\"><table class=\"has-fixed-layout\"><tbody><tr><td><strong>Wymiary<\/strong><\/td><td><\/td><\/tr><tr><td>d\u0142ugo\u015b\u0107 \/ wysoko\u015b\u0107 <\/td><td>332 mm \/ 198 mm<\/td><\/tr><tr><td>dost\u0119pne szeroko\u015bci bloczk\u00f3w<\/td><td>120 mm \/ 150 mm \/ 180 mm \/ 240 mm<\/td><\/tr><tr><td><strong>Wytrzyma\u0142o\u015b\u0107 na \u015bciskanie<\/strong><\/td><td>15 MPa (N\/mm<sup>2<\/sup>)<\/td><\/tr><tr><td><strong>Reakcja na ogie\u0144<\/strong><\/td><td>A1<\/td><\/tr><tr><td><strong>Klasa g\u0119sto\u015bci<\/strong><\/td><td>1,4<\/td><\/tr><\/tbody><\/table><\/figure>\n<\/div>\n<\/div>\n\n\n\n<h2 class=\"wp-block-heading\">Informacje logistyczne<\/h2>\n\n\n\n<figure class=\"wp-block-table is-style-stripes\"><table class=\"has-fixed-layout\"><tbody><tr><td><strong>Zu\u017cycie bloczk\u00f3w na metr kwadratowy \u015bciany<\/strong><\/td><td><\/td><\/tr><tr><td><strong>Ilo\u015b\u0107 bloczk\u00f3w na palecie<\/strong><\/td><td><\/td><\/tr><tr><td><strong>Masa pe\u0142nej palety<\/strong><\/td><td><\/td><\/tr><tr><td><strong>Masa powierzchniowa muru<\/strong><\/td><td><\/td><\/tr><\/tbody><\/table><\/figure>\n\n\n\n<h2 class=\"wp-block-heading\" style=\"font-size:clamp(24.034px, 1.502rem + ((1vw - 3.2px) * 1.814), 40px);\">Deklaracje W\u0142a\u015bciwo\u015bci U\u017cytkowych<\/h2>\n\n\n\n<div class=\"wp-block-buttons is-layout-flex wp-block-buttons-is-layout-flex\">\n<div class=\"wp-block-button\"><a class=\"wp-block-button__link wp-element-button\" href=\"http:\/\/silroc.com.pl\/wp-content\/uploads\/2026\/02\/DWU_PL-SILROC-PLUS-24-CM.pdf\" target=\"_blank\" rel=\"noreferrer noopener\">SIlroc PLUS 24 cm<\/a><\/div>\n\n\n\n<div class=\"wp-block-button\"><a class=\"wp-block-button__link wp-element-button\" href=\"http:\/\/silroc.com.pl\/wp-content\/uploads\/2026\/02\/DWU_PL-SILROC-PLUS-18-CM.pdf\" target=\"_blank\" rel=\"noreferrer noopener\">SIlroc PLUS 18 cm<\/a><\/div>\n<\/div>\n\n\n\n\n\n<figure class=\"wp-block-gallery has-nested-images columns-2 is-cropped wp-block-gallery-1 is-layout-flex wp-block-gallery-is-layout-flex\">\n<figure class=\"wp-block-image size-large\"><img decoding=\"async\" width=\"1024\" height=\"286\" data-id=\"222\" src=\"https:\/\/silroc.com.pl\/wp-content\/uploads\/2025\/11\/Silroc-green-1-e1763037015726-1024x286.jpg\" alt=\"\" class=\"wp-image-222\" srcset=\"https:\/\/silroc.com.pl\/wp-content\/uploads\/2025\/11\/Silroc-green-1-e1763037015726-1024x286.jpg 1024w, https:\/\/silroc.com.pl\/wp-content\/uploads\/2025\/11\/Silroc-green-1-e1763037015726-300x84.jpg 300w, https:\/\/silroc.com.pl\/wp-content\/uploads\/2025\/11\/Silroc-green-1-e1763037015726-768x214.jpg 768w, https:\/\/silroc.com.pl\/wp-content\/uploads\/2025\/11\/Silroc-green-1-e1763037015726-1536x429.jpg 1536w, https:\/\/silroc.com.pl\/wp-content\/uploads\/2025\/11\/Silroc-green-1-e1763037015726.jpg 1785w\" sizes=\"(max-width: 1024px) 100vw, 1024px\" \/><\/figure>\n\n\n\n<figure class=\"wp-block-image size-large\"><img decoding=\"async\" width=\"1024\" height=\"576\" data-id=\"216\" src=\"https:\/\/silroc.com.pl\/wp-content\/uploads\/2025\/11\/Crane-2-e1763031909822-edited-2-1024x576.jpg\" alt=\"\" class=\"wp-image-216\" srcset=\"https:\/\/silroc.com.pl\/wp-content\/uploads\/2025\/11\/Crane-2-e1763031909822-edited-2-1024x576.jpg 1024w, https:\/\/silroc.com.pl\/wp-content\/uploads\/2025\/11\/Crane-2-e1763031909822-edited-2-300x169.jpg 300w, https:\/\/silroc.com.pl\/wp-content\/uploads\/2025\/11\/Crane-2-e1763031909822-edited-2-768x432.jpg 768w, https:\/\/silroc.com.pl\/wp-content\/uploads\/2025\/11\/Crane-2-e1763031909822-edited-2.jpg 1250w\" sizes=\"(max-width: 1024px) 100vw, 1024px\" \/><\/figure>\n\n\n\n<figure class=\"wp-block-image size-large\"><img loading=\"lazy\" decoding=\"async\" width=\"1024\" height=\"683\" data-id=\"201\" src=\"https:\/\/silroc.com.pl\/wp-content\/uploads\/2025\/11\/Construction-6-1024x683.jpg\" alt=\"\" class=\"wp-image-201\" srcset=\"https:\/\/silroc.com.pl\/wp-content\/uploads\/2025\/11\/Construction-6-1024x683.jpg 1024w, https:\/\/silroc.com.pl\/wp-content\/uploads\/2025\/11\/Construction-6-300x200.jpg 300w, https:\/\/silroc.com.pl\/wp-content\/uploads\/2025\/11\/Construction-6-768x512.jpg 768w, https:\/\/silroc.com.pl\/wp-content\/uploads\/2025\/11\/Construction-6-1536x1024.jpg 1536w, https:\/\/silroc.com.pl\/wp-content\/uploads\/2025\/11\/Construction-6.jpg 2048w\" sizes=\"(max-width: 1024px) 100vw, 1024px\" \/><\/figure>\n\n\n\n<figure class=\"wp-block-image size-large\"><img loading=\"lazy\" decoding=\"async\" width=\"682\" height=\"1024\" data-id=\"195\" src=\"https:\/\/silroc.com.pl\/wp-content\/uploads\/2025\/11\/Silroc-walls-5-682x1024.jpg\" alt=\"\" class=\"wp-image-195\" srcset=\"https:\/\/silroc.com.pl\/wp-content\/uploads\/2025\/11\/Silroc-walls-5-682x1024.jpg 682w, https:\/\/silroc.com.pl\/wp-content\/uploads\/2025\/11\/Silroc-walls-5-200x300.jpg 200w, https:\/\/silroc.com.pl\/wp-content\/uploads\/2025\/11\/Silroc-walls-5-768x1152.jpg 768w, https:\/\/silroc.com.pl\/wp-content\/uploads\/2025\/11\/Silroc-walls-5-1024x1536.jpg 1024w, https:\/\/silroc.com.pl\/wp-content\/uploads\/2025\/11\/Silroc-walls-5.jpg 1309w\" sizes=\"(max-width: 682px) 100vw, 682px\" \/><\/figure>\n\n\n\n<figure class=\"wp-block-image size-large\"><img loading=\"lazy\" decoding=\"async\" width=\"1024\" height=\"682\" data-id=\"189\" src=\"https:\/\/silroc.com.pl\/wp-content\/uploads\/2025\/11\/Silroc-object-3-1024x682.jpg\" alt=\"\" class=\"wp-image-189\" srcset=\"https:\/\/silroc.com.pl\/wp-content\/uploads\/2025\/11\/Silroc-object-3-1024x682.jpg 1024w, https:\/\/silroc.com.pl\/wp-content\/uploads\/2025\/11\/Silroc-object-3-300x200.jpg 300w, https:\/\/silroc.com.pl\/wp-content\/uploads\/2025\/11\/Silroc-object-3-768x512.jpg 768w, https:\/\/silroc.com.pl\/wp-content\/uploads\/2025\/11\/Silroc-object-3-1536x1023.jpg 1536w, https:\/\/silroc.com.pl\/wp-content\/uploads\/2025\/11\/Silroc-object-3.jpg 2048w\" sizes=\"(max-width: 1024px) 100vw, 1024px\" \/><\/figure>\n\n\n\n<figure class=\"wp-block-image size-large\"><img loading=\"lazy\" decoding=\"async\" width=\"1024\" height=\"1024\" data-id=\"183\" src=\"https:\/\/silroc.com.pl\/wp-content\/uploads\/2025\/11\/Crane-2-e1763031909822-1024x1024.jpg\" alt=\"\" class=\"wp-image-183\" srcset=\"https:\/\/silroc.com.pl\/wp-content\/uploads\/2025\/11\/Crane-2-e1763031909822-1024x1024.jpg 1024w, https:\/\/silroc.com.pl\/wp-content\/uploads\/2025\/11\/Crane-2-e1763031909822-300x300.jpg 300w, https:\/\/silroc.com.pl\/wp-content\/uploads\/2025\/11\/Crane-2-e1763031909822-150x150.jpg 150w, https:\/\/silroc.com.pl\/wp-content\/uploads\/2025\/11\/Crane-2-e1763031909822-768x768.jpg 768w, https:\/\/silroc.com.pl\/wp-content\/uploads\/2025\/11\/Crane-2-e1763031909822.jpg 1250w\" sizes=\"(max-width: 1024px) 100vw, 1024px\" \/><\/figure>\n\n\n\n<figure class=\"wp-block-image size-large\"><img loading=\"lazy\" decoding=\"async\" width=\"1024\" height=\"682\" data-id=\"187\" src=\"https:\/\/silroc.com.pl\/wp-content\/uploads\/2025\/11\/Silroc-object-1-1024x682.jpg\" alt=\"\" class=\"wp-image-187\" srcset=\"https:\/\/silroc.com.pl\/wp-content\/uploads\/2025\/11\/Silroc-object-1-1024x682.jpg 1024w, https:\/\/silroc.com.pl\/wp-content\/uploads\/2025\/11\/Silroc-object-1-300x200.jpg 300w, https:\/\/silroc.com.pl\/wp-content\/uploads\/2025\/11\/Silroc-object-1-768x512.jpg 768w, https:\/\/silroc.com.pl\/wp-content\/uploads\/2025\/11\/Silroc-object-1-1536x1023.jpg 1536w, https:\/\/silroc.com.pl\/wp-content\/uploads\/2025\/11\/Silroc-object-1.jpg 2048w\" sizes=\"(max-width: 1024px) 100vw, 1024px\" \/><\/figure>\n\n\n\n<figure class=\"wp-block-image size-large\"><img loading=\"lazy\" decoding=\"async\" width=\"1024\" height=\"683\" data-id=\"181\" src=\"https:\/\/silroc.com.pl\/wp-content\/uploads\/2025\/11\/Construction-8-1024x683.jpg\" alt=\"\" class=\"wp-image-181\" srcset=\"https:\/\/silroc.com.pl\/wp-content\/uploads\/2025\/11\/Construction-8-1024x683.jpg 1024w, https:\/\/silroc.com.pl\/wp-content\/uploads\/2025\/11\/Construction-8-300x200.jpg 300w, https:\/\/silroc.com.pl\/wp-content\/uploads\/2025\/11\/Construction-8-768x512.jpg 768w, https:\/\/silroc.com.pl\/wp-content\/uploads\/2025\/11\/Construction-8-1536x1024.jpg 1536w, https:\/\/silroc.com.pl\/wp-content\/uploads\/2025\/11\/Construction-8.jpg 2048w\" sizes=\"(max-width: 1024px) 100vw, 1024px\" \/><\/figure>\n<\/figure>\n<\/div>\n","protected":false},"excerpt":{"rendered":"<p>Silroc PLUS Produkt przyjazny \u015brodowisku Wapno, piasek i woda &#8211; to jedyne sk\u0142adniki potrzebne do produkcji bloczk\u00f3w SILROC Pewno\u015b\u0107 i komfort na lata Wysoka g\u0119sto\u015b\u0107 materia\u0142u sprawia, \u017ce \u015bciany budynk\u00f3w cechuj\u0105 si\u0119 wysok\u0105 wytrzyma\u0142o\u015bci\u0105, izolacj\u0105 akustyczn\u0105 i mrozoodporno\u015bci\u0105. Wysoka dok\u0142adno\u015b\u0107 wymiarowa W procesie produkcyjnym nie wypala si\u0119 surowca o zmiennych w\u0142a\u015bciwo\u015bciach &#8211; bloczki s\u0105 prasowane [&hellip;]<\/p>\n","protected":false},"author":1,"featured_media":0,"parent":0,"menu_order":0,"comment_status":"closed","ping_status":"closed","template":"","meta":{"footnotes":""},"class_list":["post-233","page","type-page","status-publish","hentry"],"yoast_head":"<!-- This site is optimized with the Yoast SEO plugin v25.9 - https:\/\/yoast.com\/wordpress\/plugins\/seo\/ -->\n<title>Silroc PLUS - Silroc<\/title>\n<meta name=\"robots\" content=\"index, follow, max-snippet:-1, max-image-preview:large, max-video-preview:-1\" \/>\n<link rel=\"canonical\" href=\"https:\/\/silroc.com.pl\/?page_id=233\" \/>\n<meta property=\"og:locale\" content=\"pl_PL\" \/>\n<meta property=\"og:type\" content=\"article\" \/>\n<meta property=\"og:title\" content=\"Silroc PLUS - Silroc\" \/>\n<meta property=\"og:description\" content=\"Silroc PLUS Produkt przyjazny \u015brodowisku Wapno, piasek i woda &#8211; to jedyne sk\u0142adniki potrzebne do produkcji bloczk\u00f3w SILROC Pewno\u015b\u0107 i komfort na lata Wysoka g\u0119sto\u015b\u0107 materia\u0142u sprawia, \u017ce \u015bciany budynk\u00f3w cechuj\u0105 si\u0119 wysok\u0105 wytrzyma\u0142o\u015bci\u0105, izolacj\u0105 akustyczn\u0105 i mrozoodporno\u015bci\u0105. Wysoka dok\u0142adno\u015b\u0107 wymiarowa W procesie produkcyjnym nie wypala si\u0119 surowca o zmiennych w\u0142a\u015bciwo\u015bciach &#8211; bloczki s\u0105 prasowane [&hellip;]\" \/>\n<meta property=\"og:url\" content=\"https:\/\/silroc.com.pl\/?page_id=233\" \/>\n<meta property=\"og:site_name\" content=\"Silroc\" \/>\n<meta property=\"article:modified_time\" content=\"2026-02-16T08:20:44+00:00\" \/>\n<meta property=\"og:image\" content=\"https:\/\/silroc.com.pl\/wp-content\/uploads\/2025\/11\/332x240x198-Photo-silroc-PLUS-240mm-edited-1024x768.png\" \/>\n<meta name=\"twitter:label1\" content=\"Szacowany czas czytania\" \/>\n\t<meta name=\"twitter:data1\" content=\"4 minuty\" \/>\n<script type=\"application\/ld+json\" class=\"yoast-schema-graph\">{\"@context\":\"https:\/\/schema.org\",\"@graph\":[{\"@type\":\"WebPage\",\"@id\":\"https:\/\/silroc.com.pl\/?page_id=233\",\"url\":\"https:\/\/silroc.com.pl\/?page_id=233\",\"name\":\"Silroc PLUS - Silroc\",\"isPartOf\":{\"@id\":\"http:\/\/silroc.com.pl\/#website\"},\"primaryImageOfPage\":{\"@id\":\"https:\/\/silroc.com.pl\/?page_id=233#primaryimage\"},\"image\":{\"@id\":\"https:\/\/silroc.com.pl\/?page_id=233#primaryimage\"},\"thumbnailUrl\":\"https:\/\/silroc.com.pl\/wp-content\/uploads\/2025\/11\/332x240x198-Photo-silroc-PLUS-240mm-edited-1024x768.png\",\"datePublished\":\"2025-11-13T14:14:31+00:00\",\"dateModified\":\"2026-02-16T08:20:44+00:00\",\"breadcrumb\":{\"@id\":\"https:\/\/silroc.com.pl\/?page_id=233#breadcrumb\"},\"inLanguage\":\"pl-PL\",\"potentialAction\":[{\"@type\":\"ReadAction\",\"target\":[\"https:\/\/silroc.com.pl\/?page_id=233\"]}]},{\"@type\":\"ImageObject\",\"inLanguage\":\"pl-PL\",\"@id\":\"https:\/\/silroc.com.pl\/?page_id=233#primaryimage\",\"url\":\"https:\/\/silroc.com.pl\/wp-content\/uploads\/2025\/11\/332x240x198-Photo-silroc-PLUS-240mm-edited.png\",\"contentUrl\":\"https:\/\/silroc.com.pl\/wp-content\/uploads\/2025\/11\/332x240x198-Photo-silroc-PLUS-240mm-edited.png\",\"width\":1920,\"height\":1440},{\"@type\":\"BreadcrumbList\",\"@id\":\"https:\/\/silroc.com.pl\/?page_id=233#breadcrumb\",\"itemListElement\":[{\"@type\":\"ListItem\",\"position\":1,\"name\":\"Home\",\"item\":\"http:\/\/silroc.com.pl\/\"},{\"@type\":\"ListItem\",\"position\":2,\"name\":\"Silroc PLUS\"}]},{\"@type\":\"WebSite\",\"@id\":\"http:\/\/silroc.com.pl\/#website\",\"url\":\"http:\/\/silroc.com.pl\/\",\"name\":\"Silroc\",\"description\":\"Silikaty premium\",\"publisher\":{\"@id\":\"http:\/\/silroc.com.pl\/#organization\"},\"potentialAction\":[{\"@type\":\"SearchAction\",\"target\":{\"@type\":\"EntryPoint\",\"urlTemplate\":\"http:\/\/silroc.com.pl\/?s={search_term_string}\"},\"query-input\":{\"@type\":\"PropertyValueSpecification\",\"valueRequired\":true,\"valueName\":\"search_term_string\"}}],\"inLanguage\":\"pl-PL\"},{\"@type\":\"Organization\",\"@id\":\"http:\/\/silroc.com.pl\/#organization\",\"name\":\"Silroc\",\"url\":\"http:\/\/silroc.com.pl\/\",\"logo\":{\"@type\":\"ImageObject\",\"inLanguage\":\"pl-PL\",\"@id\":\"http:\/\/silroc.com.pl\/#\/schema\/logo\/image\/\",\"url\":\"https:\/\/silroc.com.pl\/wp-content\/uploads\/2025\/10\/S_logo.png\",\"contentUrl\":\"https:\/\/silroc.com.pl\/wp-content\/uploads\/2025\/10\/S_logo.png\",\"width\":792,\"height\":148,\"caption\":\"Silroc\"},\"image\":{\"@id\":\"http:\/\/silroc.com.pl\/#\/schema\/logo\/image\/\"}}]}<\/script>\n<!-- \/ Yoast SEO plugin. -->","yoast_head_json":{"title":"Silroc PLUS - Silroc","robots":{"index":"index","follow":"follow","max-snippet":"max-snippet:-1","max-image-preview":"max-image-preview:large","max-video-preview":"max-video-preview:-1"},"canonical":"https:\/\/silroc.com.pl\/?page_id=233","og_locale":"pl_PL","og_type":"article","og_title":"Silroc PLUS - Silroc","og_description":"Silroc PLUS Produkt przyjazny \u015brodowisku Wapno, piasek i woda &#8211; to jedyne sk\u0142adniki potrzebne do produkcji bloczk\u00f3w SILROC Pewno\u015b\u0107 i komfort na lata Wysoka g\u0119sto\u015b\u0107 materia\u0142u sprawia, \u017ce \u015bciany budynk\u00f3w cechuj\u0105 si\u0119 wysok\u0105 wytrzyma\u0142o\u015bci\u0105, izolacj\u0105 akustyczn\u0105 i mrozoodporno\u015bci\u0105. Wysoka dok\u0142adno\u015b\u0107 wymiarowa W procesie produkcyjnym nie wypala si\u0119 surowca o zmiennych w\u0142a\u015bciwo\u015bciach &#8211; bloczki s\u0105 prasowane [&hellip;]","og_url":"https:\/\/silroc.com.pl\/?page_id=233","og_site_name":"Silroc","article_modified_time":"2026-02-16T08:20:44+00:00","og_image":[{"url":"https:\/\/silroc.com.pl\/wp-content\/uploads\/2025\/11\/332x240x198-Photo-silroc-PLUS-240mm-edited-1024x768.png","type":"","width":"","height":""}],"twitter_misc":{"Szacowany czas czytania":"4 minuty"},"schema":{"@context":"https:\/\/schema.org","@graph":[{"@type":"WebPage","@id":"https:\/\/silroc.com.pl\/?page_id=233","url":"https:\/\/silroc.com.pl\/?page_id=233","name":"Silroc PLUS - Silroc","isPartOf":{"@id":"http:\/\/silroc.com.pl\/#website"},"primaryImageOfPage":{"@id":"https:\/\/silroc.com.pl\/?page_id=233#primaryimage"},"image":{"@id":"https:\/\/silroc.com.pl\/?page_id=233#primaryimage"},"thumbnailUrl":"https:\/\/silroc.com.pl\/wp-content\/uploads\/2025\/11\/332x240x198-Photo-silroc-PLUS-240mm-edited-1024x768.png","datePublished":"2025-11-13T14:14:31+00:00","dateModified":"2026-02-16T08:20:44+00:00","breadcrumb":{"@id":"https:\/\/silroc.com.pl\/?page_id=233#breadcrumb"},"inLanguage":"pl-PL","potentialAction":[{"@type":"ReadAction","target":["https:\/\/silroc.com.pl\/?page_id=233"]}]},{"@type":"ImageObject","inLanguage":"pl-PL","@id":"https:\/\/silroc.com.pl\/?page_id=233#primaryimage","url":"https:\/\/silroc.com.pl\/wp-content\/uploads\/2025\/11\/332x240x198-Photo-silroc-PLUS-240mm-edited.png","contentUrl":"https:\/\/silroc.com.pl\/wp-content\/uploads\/2025\/11\/332x240x198-Photo-silroc-PLUS-240mm-edited.png","width":1920,"height":1440},{"@type":"BreadcrumbList","@id":"https:\/\/silroc.com.pl\/?page_id=233#breadcrumb","itemListElement":[{"@type":"ListItem","position":1,"name":"Home","item":"http:\/\/silroc.com.pl\/"},{"@type":"ListItem","position":2,"name":"Silroc PLUS"}]},{"@type":"WebSite","@id":"http:\/\/silroc.com.pl\/#website","url":"http:\/\/silroc.com.pl\/","name":"Silroc","description":"Silikaty premium","publisher":{"@id":"http:\/\/silroc.com.pl\/#organization"},"potentialAction":[{"@type":"SearchAction","target":{"@type":"EntryPoint","urlTemplate":"http:\/\/silroc.com.pl\/?s={search_term_string}"},"query-input":{"@type":"PropertyValueSpecification","valueRequired":true,"valueName":"search_term_string"}}],"inLanguage":"pl-PL"},{"@type":"Organization","@id":"http:\/\/silroc.com.pl\/#organization","name":"Silroc","url":"http:\/\/silroc.com.pl\/","logo":{"@type":"ImageObject","inLanguage":"pl-PL","@id":"http:\/\/silroc.com.pl\/#\/schema\/logo\/image\/","url":"https:\/\/silroc.com.pl\/wp-content\/uploads\/2025\/10\/S_logo.png","contentUrl":"https:\/\/silroc.com.pl\/wp-content\/uploads\/2025\/10\/S_logo.png","width":792,"height":148,"caption":"Silroc"},"image":{"@id":"http:\/\/silroc.com.pl\/#\/schema\/logo\/image\/"}}]}},"_links":{"self":[{"href":"https:\/\/silroc.com.pl\/index.php?rest_route=\/wp\/v2\/pages\/233","targetHints":{"allow":["GET"]}}],"collection":[{"href":"https:\/\/silroc.com.pl\/index.php?rest_route=\/wp\/v2\/pages"}],"about":[{"href":"https:\/\/silroc.com.pl\/index.php?rest_route=\/wp\/v2\/types\/page"}],"author":[{"embeddable":true,"href":"https:\/\/silroc.com.pl\/index.php?rest_route=\/wp\/v2\/users\/1"}],"replies":[{"embeddable":true,"href":"https:\/\/silroc.com.pl\/index.php?rest_route=%2Fwp%2Fv2%2Fcomments&post=233"}],"version-history":[{"count":13,"href":"https:\/\/silroc.com.pl\/index.php?rest_route=\/wp\/v2\/pages\/233\/revisions"}],"predecessor-version":[{"id":266,"href":"https:\/\/silroc.com.pl\/index.php?rest_route=\/wp\/v2\/pages\/233\/revisions\/266"}],"wp:attachment":[{"href":"https:\/\/silroc.com.pl\/index.php?rest_route=%2Fwp%2Fv2%2Fmedia&parent=233"}],"curies":[{"name":"wp","href":"https:\/\/api.w.org\/{rel}","templated":true}]}}